{"id":7,"date":"2023-07-12T12:30:13","date_gmt":"2023-07-12T10:30:13","guid":{"rendered":"https:\/\/www.soireesgirlspower.com\/boutique-en-ligne\/?page_id=7"},"modified":"2023-07-12T13:41:44","modified_gmt":"2023-07-12T11:41:44","slug":"boutique-en-ligne","status":"publish","type":"page","link":"https:\/\/www.soireesgirlspower.com\/boutique-en-ligne\/","title":{"rendered":"Boutique en ligne"},"content":{"rendered":"<p style=\"text-align: center;\">Ici vous ne pouvez pas r\u00e9server de billets ! Pour r\u00e9server des billets, retournez dans la partie <a href=\"https:\/\/www.soireesgirlspower.com\/\">billetterie du site<\/a>.<\/p>\n<div class=\"woocommerce columns-4 \">\r\n<ul class=\"products oceanwp-row clr grid\">\r\n<li class=\"entry has-media col span_1_of_4 owp-content-center owp-thumbs-layout-horizontal owp-btn-normal owp-tabs-layout-horizontal has-no-thumbnails product type-product post-27 status-publish first instock product_cat-articles has-post-thumbnail taxable shipping-taxable purchasable product-type-variable\">\n\t<div class=\"product-inner clr\">\r\n\t<div class=\"woo-entry-image clr\">\r\n\t\t<a href=\"https:\/\/www.soireesgirlspower.com\/boutique-en-ligne\/t-shirt-girls-power\/\" class=\"woocommerce-LoopProduct-link\"><img decoding=\"async\" width=\"300\" height=\"300\" src=\"https:\/\/www.soireesgirlspower.com\/boutique-en-ligne\/wp-content\/uploads\/2023\/07\/hoodie-with-logo-2-300x300.jpg\" class=\"woo-entry-image-main\" alt=\"T-shirt Girls Power\" itemprop=\"image\" srcset=\"https:\/\/www.soireesgirlspower.com\/boutique-en-ligne\/wp-content\/uploads\/2023\/07\/hoodie-with-logo-2-300x300.jpg 300w, https:\/\/www.soireesgirlspower.com\/boutique-en-ligne\/wp-content\/uploads\/2023\/07\/hoodie-with-logo-2-100x100.jpg 100w, https:\/\/www.soireesgirlspower.com\/boutique-en-ligne\/wp-content\/uploads\/2023\/07\/hoodie-with-logo-2-600x600.jpg 600w, https:\/\/www.soireesgirlspower.com\/boutique-en-ligne\/wp-content\/uploads\/2023\/07\/hoodie-with-logo-2-150x150.jpg 150w, https:\/\/www.soireesgirlspower.com\/boutique-en-ligne\/wp-content\/uploads\/2023\/07\/hoodie-with-logo-2-768x768.jpg 768w, https:\/\/www.soireesgirlspower.com\/boutique-en-ligne\/wp-content\/uploads\/2023\/07\/hoodie-with-logo-2.jpg 801w\" sizes=\"(max-width: 300px) 100vw, 300px\" \/><\/a>\t<\/div><!-- .woo-entry-image -->\r\n\r\n<ul class=\"woo-entry-inner clr\"><li class=\"image-wrap\">\r\n\t<div class=\"woo-entry-image clr\">\r\n\t\t<a href=\"https:\/\/www.soireesgirlspower.com\/boutique-en-ligne\/t-shirt-girls-power\/\" class=\"woocommerce-LoopProduct-link\"><img decoding=\"async\" width=\"300\" height=\"300\" src=\"https:\/\/www.soireesgirlspower.com\/boutique-en-ligne\/wp-content\/uploads\/2023\/07\/hoodie-with-logo-2-300x300.jpg\" class=\"woo-entry-image-main\" alt=\"T-shirt Girls Power\" itemprop=\"image\" srcset=\"https:\/\/www.soireesgirlspower.com\/boutique-en-ligne\/wp-content\/uploads\/2023\/07\/hoodie-with-logo-2-300x300.jpg 300w, https:\/\/www.soireesgirlspower.com\/boutique-en-ligne\/wp-content\/uploads\/2023\/07\/hoodie-with-logo-2-100x100.jpg 100w, https:\/\/www.soireesgirlspower.com\/boutique-en-ligne\/wp-content\/uploads\/2023\/07\/hoodie-with-logo-2-600x600.jpg 600w, https:\/\/www.soireesgirlspower.com\/boutique-en-ligne\/wp-content\/uploads\/2023\/07\/hoodie-with-logo-2-150x150.jpg 150w, https:\/\/www.soireesgirlspower.com\/boutique-en-ligne\/wp-content\/uploads\/2023\/07\/hoodie-with-logo-2-768x768.jpg 768w, https:\/\/www.soireesgirlspower.com\/boutique-en-ligne\/wp-content\/uploads\/2023\/07\/hoodie-with-logo-2.jpg 801w\" sizes=\"(max-width: 300px) 100vw, 300px\" \/><\/a>\t<\/div><!-- .woo-entry-image -->\r\n\r\n<\/li><li class=\"title\"><h2><a href=\"https:\/\/www.soireesgirlspower.com\/boutique-en-ligne\/t-shirt-girls-power\/\">T-shirt Girls Power<\/a><\/h2><\/li><li class=\"price-wrap\">\n\t<span class=\"price\"><span class=\"woocommerce-Price-amount amount\"><bdi>30,00&nbsp;<span class=\"woocommerce-Price-currencySymbol\">&euro;<\/span><\/bdi><\/span><\/span>\n<\/li><\/ul><\/div><!-- .product-inner .clr --><\/li>\n<\/ul>\n<\/div>\n","protected":false},"excerpt":{"rendered":"<p>Ici vous ne pouvez pas r\u00e9server de billets ! Pour r\u00e9server des billets, retournez dans la partie billetterie du site.<\/p>\n","protected":false},"author":1,"featured_media":0,"parent":0,"menu_order":0,"comment_status":"closed","ping_status":"closed","template":"","meta":{"footnotes":""},"class_list":["post-7","page","type-page","status-publish","hentry","entry","owp-thumbs-layout-horizontal","owp-btn-normal","owp-tabs-layout-horizontal","has-no-thumbnails"],"yoast_head":"<!-- This site is optimized with the Yoast SEO plugin v20.11 - https:\/\/yoast.com\/wordpress\/plugins\/seo\/ -->\n<title>Boutique en ligne - Soir\u00e9e Girls Power<\/title>\n<meta name=\"robots\" content=\"index, follow, max-snippet:-1, max-image-preview:large, max-video-preview:-1\" \/>\n<link rel=\"canonical\" href=\"https:\/\/www.soireesgirlspower.com\/boutique-en-ligne\/\" \/>\n<meta property=\"og:locale\" content=\"fr_FR\" \/>\n<meta property=\"og:type\" content=\"article\" \/>\n<meta property=\"og:title\" content=\"Boutique en ligne - Soir\u00e9e Girls Power\" \/>\n<meta property=\"og:description\" content=\"Ici vous ne pouvez pas r\u00e9server de billets ! Pour r\u00e9server des billets, retournez dans la partie billetterie du site.\" \/>\n<meta property=\"og:url\" content=\"https:\/\/www.soireesgirlspower.com\/boutique-en-ligne\/\" \/>\n<meta property=\"og:site_name\" content=\"Soir\u00e9e Girls Power\" \/>\n<meta property=\"article:modified_time\" content=\"2023-07-12T11:41:44+00:00\" \/>\n<meta name=\"twitter:card\" content=\"summary_large_image\" \/>\n<meta name=\"twitter:label1\" content=\"Dur\u00e9e de lecture estim\u00e9e\" \/>\n\t<meta name=\"twitter:data1\" content=\"1 minute\" \/>\n<script type=\"application\/ld+json\" class=\"yoast-schema-graph\">{\"@context\":\"https:\/\/schema.org\",\"@graph\":[{\"@type\":\"WebPage\",\"@id\":\"https:\/\/www.soireesgirlspower.com\/boutique-en-ligne\/\",\"url\":\"https:\/\/www.soireesgirlspower.com\/boutique-en-ligne\/\",\"name\":\"Boutique en ligne - Soir\u00e9e Girls Power\",\"isPartOf\":{\"@id\":\"https:\/\/www.soireesgirlspower.com\/boutique-en-ligne\/#website\"},\"datePublished\":\"2023-07-12T10:30:13+00:00\",\"dateModified\":\"2023-07-12T11:41:44+00:00\",\"breadcrumb\":{\"@id\":\"https:\/\/www.soireesgirlspower.com\/boutique-en-ligne\/#breadcrumb\"},\"inLanguage\":\"fr-FR\",\"potentialAction\":[{\"@type\":\"ReadAction\",\"target\":[\"https:\/\/www.soireesgirlspower.com\/boutique-en-ligne\/\"]}]},{\"@type\":\"BreadcrumbList\",\"@id\":\"https:\/\/www.soireesgirlspower.com\/boutique-en-ligne\/#breadcrumb\",\"itemListElement\":[{\"@type\":\"ListItem\",\"position\":1,\"name\":\"Accueil\",\"item\":\"https:\/\/www.soireesgirlspower.com\/boutique-en-ligne\/\"},{\"@type\":\"ListItem\",\"position\":2,\"name\":\"Boutique en ligne\"}]},{\"@type\":\"WebSite\",\"@id\":\"https:\/\/www.soireesgirlspower.com\/boutique-en-ligne\/#website\",\"url\":\"https:\/\/www.soireesgirlspower.com\/boutique-en-ligne\/\",\"name\":\"Soir\u00e9e Girls Power\",\"description\":\"\",\"publisher\":{\"@id\":\"https:\/\/www.soireesgirlspower.com\/boutique-en-ligne\/#organization\"},\"alternateName\":\"Soir\u00e9e Girls Power\",\"potentialAction\":[{\"@type\":\"SearchAction\",\"target\":{\"@type\":\"EntryPoint\",\"urlTemplate\":\"https:\/\/www.soireesgirlspower.com\/boutique-en-ligne\/?s={search_term_string}\"},\"query-input\":\"required name=search_term_string\"}],\"inLanguage\":\"fr-FR\"},{\"@type\":\"Organization\",\"@id\":\"https:\/\/www.soireesgirlspower.com\/boutique-en-ligne\/#organization\",\"name\":\"Soir\u00e9e Girls Power\",\"url\":\"https:\/\/www.soireesgirlspower.com\/boutique-en-ligne\/\",\"logo\":{\"@type\":\"ImageObject\",\"inLanguage\":\"fr-FR\",\"@id\":\"https:\/\/www.soireesgirlspower.com\/boutique-en-ligne\/#\/schema\/logo\/image\/\",\"url\":\"https:\/\/www.soireesgirlspower.com\/boutique-en-ligne\/wp-content\/uploads\/2023\/07\/girls-power-logo.png\",\"contentUrl\":\"https:\/\/www.soireesgirlspower.com\/boutique-en-ligne\/wp-content\/uploads\/2023\/07\/girls-power-logo.png\",\"width\":229,\"height\":56,\"caption\":\"Soir\u00e9e Girls Power\"},\"image\":{\"@id\":\"https:\/\/www.soireesgirlspower.com\/boutique-en-ligne\/#\/schema\/logo\/image\/\"}}]}<\/script>\n<!-- \/ Yoast SEO plugin. -->","yoast_head_json":{"title":"Boutique en ligne - Soir\u00e9e Girls Power","robots":{"index":"index","follow":"follow","max-snippet":"max-snippet:-1","max-image-preview":"max-image-preview:large","max-video-preview":"max-video-preview:-1"},"canonical":"https:\/\/www.soireesgirlspower.com\/boutique-en-ligne\/","og_locale":"fr_FR","og_type":"article","og_title":"Boutique en ligne - Soir\u00e9e Girls Power","og_description":"Ici vous ne pouvez pas r\u00e9server de billets ! Pour r\u00e9server des billets, retournez dans la partie billetterie du site.","og_url":"https:\/\/www.soireesgirlspower.com\/boutique-en-ligne\/","og_site_name":"Soir\u00e9e Girls Power","article_modified_time":"2023-07-12T11:41:44+00:00","twitter_card":"summary_large_image","twitter_misc":{"Dur\u00e9e de lecture estim\u00e9e":"1 minute"},"schema":{"@context":"https:\/\/schema.org","@graph":[{"@type":"WebPage","@id":"https:\/\/www.soireesgirlspower.com\/boutique-en-ligne\/","url":"https:\/\/www.soireesgirlspower.com\/boutique-en-ligne\/","name":"Boutique en ligne - Soir\u00e9e Girls Power","isPartOf":{"@id":"https:\/\/www.soireesgirlspower.com\/boutique-en-ligne\/#website"},"datePublished":"2023-07-12T10:30:13+00:00","dateModified":"2023-07-12T11:41:44+00:00","breadcrumb":{"@id":"https:\/\/www.soireesgirlspower.com\/boutique-en-ligne\/#breadcrumb"},"inLanguage":"fr-FR","potentialAction":[{"@type":"ReadAction","target":["https:\/\/www.soireesgirlspower.com\/boutique-en-ligne\/"]}]},{"@type":"BreadcrumbList","@id":"https:\/\/www.soireesgirlspower.com\/boutique-en-ligne\/#breadcrumb","itemListElement":[{"@type":"ListItem","position":1,"name":"Accueil","item":"https:\/\/www.soireesgirlspower.com\/boutique-en-ligne\/"},{"@type":"ListItem","position":2,"name":"Boutique en ligne"}]},{"@type":"WebSite","@id":"https:\/\/www.soireesgirlspower.com\/boutique-en-ligne\/#website","url":"https:\/\/www.soireesgirlspower.com\/boutique-en-ligne\/","name":"Soir\u00e9e Girls Power","description":"","publisher":{"@id":"https:\/\/www.soireesgirlspower.com\/boutique-en-ligne\/#organization"},"alternateName":"Soir\u00e9e Girls Power","potentialAction":[{"@type":"SearchAction","target":{"@type":"EntryPoint","urlTemplate":"https:\/\/www.soireesgirlspower.com\/boutique-en-ligne\/?s={search_term_string}"},"query-input":"required name=search_term_string"}],"inLanguage":"fr-FR"},{"@type":"Organization","@id":"https:\/\/www.soireesgirlspower.com\/boutique-en-ligne\/#organization","name":"Soir\u00e9e Girls Power","url":"https:\/\/www.soireesgirlspower.com\/boutique-en-ligne\/","logo":{"@type":"ImageObject","inLanguage":"fr-FR","@id":"https:\/\/www.soireesgirlspower.com\/boutique-en-ligne\/#\/schema\/logo\/image\/","url":"https:\/\/www.soireesgirlspower.com\/boutique-en-ligne\/wp-content\/uploads\/2023\/07\/girls-power-logo.png","contentUrl":"https:\/\/www.soireesgirlspower.com\/boutique-en-ligne\/wp-content\/uploads\/2023\/07\/girls-power-logo.png","width":229,"height":56,"caption":"Soir\u00e9e Girls Power"},"image":{"@id":"https:\/\/www.soireesgirlspower.com\/boutique-en-ligne\/#\/schema\/logo\/image\/"}}]}},"_links":{"self":[{"href":"https:\/\/www.soireesgirlspower.com\/boutique-en-ligne\/wp-json\/wp\/v2\/pages\/7","targetHints":{"allow":["GET"]}}],"collection":[{"href":"https:\/\/www.soireesgirlspower.com\/boutique-en-ligne\/wp-json\/wp\/v2\/pages"}],"about":[{"href":"https:\/\/www.soireesgirlspower.com\/boutique-en-ligne\/wp-json\/wp\/v2\/types\/page"}],"author":[{"embeddable":true,"href":"https:\/\/www.soireesgirlspower.com\/boutique-en-ligne\/wp-json\/wp\/v2\/users\/1"}],"replies":[{"embeddable":true,"href":"https:\/\/www.soireesgirlspower.com\/boutique-en-ligne\/wp-json\/wp\/v2\/comments?post=7"}],"version-history":[{"count":4,"href":"https:\/\/www.soireesgirlspower.com\/boutique-en-ligne\/wp-json\/wp\/v2\/pages\/7\/revisions"}],"predecessor-version":[{"id":32,"href":"https:\/\/www.soireesgirlspower.com\/boutique-en-ligne\/wp-json\/wp\/v2\/pages\/7\/revisions\/32"}],"wp:attachment":[{"href":"https:\/\/www.soireesgirlspower.com\/boutique-en-ligne\/wp-json\/wp\/v2\/media?parent=7"}],"curies":[{"name":"wp","href":"https:\/\/api.w.org\/{rel}","templated":true}]}}